{"id":15,"date":"2026-05-15T11:09:56","date_gmt":"2026-05-15T11:09:56","guid":{"rendered":"https:\/\/dev.rongbachkim2.com\/?page_id=15"},"modified":"2026-05-15T11:09:56","modified_gmt":"2026-05-15T11:09:56","slug":"so-mo","status":"publish","type":"page","link":"https:\/\/dev.rongbachkim2.com\/so-mo\/","title":{"rendered":"S\u1ed1 M\u01a1"},"content":{"rendered":"<div class=\"entry-summary\">\n<p>N\u1eb1m m\u01a1 c\u00f3 tang mang \u0111\u1ebfn nhi\u1ec1u cung b\u1eadc c\u1ea3m x\u00fac kh\u00e1c nhau. T\u1eeb lo \u00e2u \u0111\u1ebfn b\u0103n kho\u0103n, nhi\u1ec1u ng\u01b0\u1eddi tin r\u1eb1ng nh\u1eefng chi\u00eam bao nh\u01b0 th\u1ebf n\u00e0y kh\u00f4ng ch\u1ec9 b\u00e1o hi\u1ec7u \u0111i\u1ec1m b\u00e1o m\u00e0 c\u00f2n g\u1eafn li\u1ec1n v\u1edbi nh\u1eefng con s\u1ed1 may m\u1eafn. N\u1ebfu b\u1ea1n \u0111ang th\u1eafc m\u1eafc n\u1eb1m m\u01a1 \u0111\u00e0n \u00f4ng ch\u1ebft [\u2026]\n\t\t<\/p>\n<div class=\"text-center\">\n\t\t\t<a class=\"more-link button primary is-outline is-smaller\" href=\"\/nam-mo-dan-ong-chet-danh-con-gi\/\">Continue reading <span class=\"meta-nav\">\u2192<\/span><\/a>\n\t\t<\/div>\n<\/p><\/div>\n","protected":false},"excerpt":{"rendered":"<p>N\u1eb1m m\u01a1 c\u00f3 tang mang \u0111\u1ebfn nhi\u1ec1u cung b\u1eadc c\u1ea3m x\u00fac kh\u00e1c nhau. T\u1eeb lo \u00e2u \u0111\u1ebfn b\u0103n kho\u0103n, nhi\u1ec1u ng\u01b0\u1eddi tin r\u1eb1ng nh\u1eefng chi\u00eam bao nh\u01b0 th\u1ebf n\u00e0y kh\u00f4ng ch\u1ec9 b\u00e1o hi\u1ec7u \u0111i\u1ec1m b\u00e1o m\u00e0 c\u00f2n g\u1eafn li\u1ec1n v\u1edbi nh\u1eefng con s\u1ed1 may m\u1eafn. N\u1ebfu b\u1ea1n \u0111ang th\u1eafc m\u1eafc n\u1eb1m m\u01a1 \u0111\u00e0n \u00f4ng ch\u1ebft [&#8230;]\n","protected":false},"author":0,"featured_media":0,"parent":0,"menu_order":0,"comment_status":"closed","ping_status":"closed","template":"","meta":{"footnotes":""},"class_list":["post-15","page","type-page","status-publish","hentry"],"_links":{"self":[{"href":"https:\/\/dev.rongbachkim2.com\/wp-json\/wp\/v2\/pages\/15","targetHints":{"allow":["GET"]}}],"collection":[{"href":"https:\/\/dev.rongbachkim2.com\/wp-json\/wp\/v2\/pages"}],"about":[{"href":"https:\/\/dev.rongbachkim2.com\/wp-json\/wp\/v2\/types\/page"}],"replies":[{"embeddable":true,"href":"https:\/\/dev.rongbachkim2.com\/wp-json\/wp\/v2\/comments?post=15"}],"version-history":[{"count":0,"href":"https:\/\/dev.rongbachkim2.com\/wp-json\/wp\/v2\/pages\/15\/revisions"}],"wp:attachment":[{"href":"https:\/\/dev.rongbachkim2.com\/wp-json\/wp\/v2\/media?parent=15"}],"curies":[{"name":"wp","href":"https:\/\/api.w.org\/{rel}","templated":true}]}}